
False
Is 5 a factor of 2851?
False
Is 56 a factor of 24615?
False
Is 333 a multiple of 3?
True
Is 1229 a multiple of 6?
False
Does 63 divide 102627?
True
Is 2397 a multiple of 3?
True
Is 17590 a multiple of 127?
False
Is 5 a factor of 530?
True
Is 761 a multiple of 30?
False
Does 110 divide 5832?
False
Is 36 a factor of 82044?
True
Does 5 divide 16801?
False
Is 16988 a multiple of 137?
True
Is 29864 a multiple of 17?
False
Is 83 a factor of 1162?
True
Is 8027 a multiple of 131?
False
Is 11 a factor of 2512?
False
Is 4 a factor of 1350?
False
Is 4972 a multiple of 46?
False
Is 72 a factor of 8178?
False
Is 390 a multiple of 27?
False
Is 31 a factor of 40424?
True
Is 3 a factor of 303?
True
Is 28 a factor of 3836?
True
Is 53895 a multiple of 12?
False
Is 25 a factor of 825?
True
Does 3 divide 381?
True
Is 21 a factor of 42?
True
Is 112 a factor of 20216?
False
Is 51 a factor of 16830?
True
Is 860 a multiple of 10?
True
Is 114 a factor of 2736?
True
Is 52 a factor of 2061?
False
Is 1919 a multiple of 101?
True
Is 35 a factor of 210?
True
Is 19895 a multiple of 51?
False
Does 17 divide 46430?
False
Is 2094 a multiple of 40?
False
Does 9 divide 157?
False
Is 429 a multiple of 11?
True
Is 1265 a multiple of 23?
True
Is 1794 a multiple of 78?
True
Does 13 divide 15431?
True
Is 228 a factor of 20116?
False
Is 6762 a multiple of 42?
True
Is 6901 a multiple of 38?
False
Does 21 divide 5061?
True
Is 9461 a multiple of 10?
False
Is 42 a factor of 3066?
True
Is 79 a factor of 19592?
True
Is 31 a factor of 1472?
False
Is 2020 a multiple of 5?
True
Is 42 a factor of 18984?
True
Does 29 divide 6583?
True
Is 15 a factor of 4620?
True
Does 98 divide 55713?
False
Is 24015 a multiple of 100?
False
Does 37 divide 740?
True
Is 211 a multiple of 4?
False
Does 2 divide 23?
False
Does 54 divide 807?
False
Does 72 divide 19431?
False
Is 959 a multiple of 7?
True
Does 167 divide 33734?
True
Is 13 a factor of 37051?
False
Does 87 divide 4292?
False
Is 13771 a multiple of 92?
False
Is 140 a factor of 1409?
False
Does 11 divide 8283?
True
Does 11 divide 335?
False
Is 3564 a multiple of 66?
True
Does 235 divide 11515?
True
Does 48 divide 72960?
True
Is 114 a factor of 6240?
False
Is 205 a multiple of 3?
False
Is 2380 a multiple of 14?
True
Does 4 divide 918?
False
Is 27 a factor of 918?
True
Is 663 a multiple of 51?
True
Is 17 a factor of 1972?
True
Is 1222 a multiple of 47?
True
Is 70 a factor of 3290?
True
Does 43 divide 420?
False
Does 2 divide 871?
False
Does 313 divide 24121?
False
Is 5600 a multiple of 7?
True
Is 2730 a multiple of 30?
True
Is 48 a factor of 915?
False
Is 18 a factor of 14067?
False
Is 3933 a multiple of 5?
False
Is 286 a multiple of 10?
False
Is 64 a multiple of 16?
True
Is 33 a factor of 528?
True
Is 61 a multiple of 43?
False
Is 590 a multiple of 10?
True
Is 3608 a multiple of 22?
True
Is 31 a factor of 2697?
True
Is 160 a factor of 11370?
False
Does 94 divide 1128?
True
Is 9 a factor of 2477?
False
Is 1705 a multiple of 15?
False
Does 8 divide 120?
True
Is 4410 a multiple of 9?
True
Does 37 divide 1335?
False
Is 9 a factor of 1071?
True
Is 4505 a multiple of 53?
True
Is 131 a factor of 62348?
False
Is 7154 a multiple of 31?
False
Does 13 divide 466?
False
Is 27 a factor of 621?
True
Does 43 divide 581?
False
Is 7 a factor of 5712?
True
Is 136 even?
True
Is 1180 a multiple of 118?
True
Does 15 divide 32763?
False
Does 19 divide 19821?
False
Is 9 a factor of 963?
True
Is 7 a factor of 133?
True
Does 99 divide 15741?
True
Is 4 a factor of 240?
True
Is 29093 a multiple of 10?
False
Does 54 divide 1274?
False
Is 4797 a multiple of 13?
True
Is 2452 a multiple of 41?
False
Does 59 divide 350?
False
Is 15 a factor of 9865?
False
Is 12 a factor of 9355?
False
Is 64 a factor of 713?
False
Does 64 divide 768?
True
Is 18 a factor of 1404?
True
Is 14 a factor of 3976?
True
Does 65 divide 1105?
True
Is 13 a factor of 86493?
False
Is 54980 a multiple of 59?
False
Is 112 a factor of 8960?
True
Is 29 a factor of 16549?
False
Is 39 a factor of 4786?
False
Is 3 a factor of 5270?
False
Is 35561 a multiple of 14?
False
Is 894 a multiple of 14?
False
Is 9 a factor of 42909?
False
Does 46 divide 1074?
False
Is 22 a factor of 164?
False
Does 28 divide 8746?
False
Does 26 divide 156?
True
Does 34 divide 72352?
True
Is 19 a factor of 2053?
False
Is 58833 a multiple of 27?
True
Is 2142 a multiple of 63?
True
Is 72 a factor of 2689?
False
Is 157 a factor of 17619?
False
Does 15 divide 2115?
True
Is 9 a factor of 2472?
False
Is 58 a factor of 1202?
False
Does 77 divide 28875?
True
Is 30 a factor of 240?
True
Does 277 divide 27423?
True
Does 97 divide 1455?
True
Is 7 a factor of 3256?
False
Does 35 divide 21875?
True
Does 23 divide 1716?
False
Is 1317 a multiple of 10?
False
Does 9 divide 63122?
False
Does 13 divide 1334?
False
Is 22 a factor of 66?
True
Is 13 a factor of 21796?
False
Is 14 a factor of 2996?
True
Is 8 a factor of 2585?
False
Does 7 divide 1351?
True
Is 12 a factor of 9165?
False
Is 13254 a multiple of 6?
True
Is 8365 a multiple of 5?
True
Is 2 a factor of 3204?
True
Is 18 a factor of 82908?
True
Is 345 a multiple of 15?
True
Is 34 a multiple of 17?
True
Is 86891 a multiple of 15?
False
Is 2792 a multiple of 4?
True
Is 1138 a multiple of 23?
False
Is 14 a factor of 746?
False
Does 55 divide 19841?
False
Is 4 a factor of 256?
True
Does 24 divide 1459?
False
Is 3 a factor of 1245?
True
Is 7 a factor of 61176?
False
Is 60 a factor of 122100?
True
Is 86 a factor of 12556?
True
Is 25502 a multiple of 41?
True
Is 39 a factor of 18564?
True
Is 124 a factor of 36332?
True
Is 3146 a multiple of 11?
True
Is 4 a factor of 282?
False
Is 9742 a multiple of 72?
False
Is 28583 a multiple of 5?
False
Is 13662 a multiple of 99?
True
Does 22 divide 1650?
True
Is 7 a factor of 218?
False
Is 78855 a multiple of 34?
False
Does 25 divide 1561?
False
Is 12 a factor of 48?
True
Is 8 a factor of 6046?
False
Is 18 a factor of 241?
False
Does 53 divide 2139?
False
Does 8 divide 147?
False
Is 22 a factor of 18788?
True
Does 69 divide 9729?
True
Is 40 a factor of 2025?
False
Is 15 a factor of 693?
False
Is 111386 a multiple of 27?
False
Does 97 divide 8245?
True
Does 6 divide 493?
False
Is 64 a factor of 235?
False
Is 29539 a multiple of 109?
True
Is 2184 a multiple of 14?
True
Is 24 a factor of 6816?
True
Does 182 divide 27482?
True
Does 15 divide 581?
False
Is 19 a factor of 4237?
True
Is 4284 a multiple of 26?
False
Is 122 a factor of 1726?
False
Does 54 divide 1512?
True
Does 160 divide 20160?
True
Does 136 divide 2940?
False
Does 8 divide 3055?
False
Is 94 a factor of 16514?
False
Is 102 a multiple of 51?
True
Is 11738 a multiple of 20?
False
Does 48 divide 1570?
False
Is 13940 a multiple of 34?
True
Does 252 divide 59976?
True
Does 67 divide 16586?
False
Is 106 a factor of 26924?
True
Is 11782 a multiple of 11?
False
Is 13934 a multiple of 34?
False
Does 5 divide 810?
True
Does 16 divide 3162?
False
Does 220 divide 17038?
False
Does 2 divide 258?
True
Is 28 a factor of 1540?
True
Is 6204 a multiple of 188?
True
Is 1650 a multiple of 14?
False
Is 240 a multiple of 59?
False
Is 60 a factor of 780?
True
Does 47 divide 1717?
False
Is 62328 a multiple of 14?
True
Does 35 divide 746?
False
Does 18 divide 85?
False
Is 42 a factor of 34127?
False
Is 21 a factor of 1419?
False
Does 2 divide 39?
False
Is 4257 a multiple of 22?
False
Does 2 divide 754?
True
Is 12 a factor of 19248?
True
Is 31 a factor of 1798?
True
Is 14047 a multiple of 34?
False
Is 16131 a multiple of 28?
False
Is 13442 a multiple of 78?
False
Is 14 a factor of 686?
True
Is 10641 a multiple of 22?
False
Is 32953 a multiple of 31?
True
Is 5 a factor of 799?
False
Is 81 a factor of 4733?
False
Does 21 divide 3721?
False
Is 47058 a multiple of 11?
True
Does 69 divide 9156?
False
Is 1127 a multiple of 19?
False
Does 16 divide 176?
True
Does 41 divide 3936?
True
Does 65 divide 8515?
True
Is 8905 a multiple of 137?
True
Is 4 a factor of 12?
True
Is 1989 a multiple of 17?
True
Is 161 a multiple of 9?
False
Does 59 divide 944?
True
Does 18 divide 14443?
False
Does 3 divide 16?
False
Does 12 divide 12744?
True
Does 181 divide 77830?
True
Is 40698 a multiple of 119?
True
Is 145 a factor of 6960?
True
Is 55 a factor of 1715?
False